 = 11*l - r. What is the units digit of l?
5
Suppose 3*y - 82 = -5*t + 21, 5*y = -2*t + 45. Suppose 0 = -2*n - 3*h + h - 26, 2*n = 4*h - t. What is the units digit of (-77)/(-5) - n/(-30)?
5
What is the units digit of 4030/6 + 23/((-414)/12)?
1
Let u(k) = k**3 - 50*k**2 + 70*k - 110. What is the hundreds digit of u(49)?
9
Let o(t) = -t**3 + 1. Let b(s) be the first derivative of s**4/2 - 5*s**3/3 + 5*s**2/2 + 3*s - 3. Let d(w) = b(w) + o(w). What is the units digit of d(6)?
0
Let z = 90 - 88. Suppose z*u = 80 + 352. What is the units digit of u?
6
Let h = -13 - -13. Suppose 0 = -3*y - 2*q - 0 - 2, 5*y + q + 8 = h. What is the tens digit of y - -6*(-9)/(-2)?
2
What is the tens digit of (-192696)/(-72) + ((-16)/12)/(-2)?
7
Suppose 0 = -11*w + 11991 + 2969. What is the tens digit of w?
6
Let w = -551 + 1056. What is the tens digit of w?
0
Suppose 0 = 5*j + 3*t - 81, 0*j - 2*j - 3*t + 27 = 0. Suppose -33*v - j = -36*v. What is the units digit of 278/v + 7/(-21)?
6
Let d(n) = -n**2 - 2 - 5*n + n - n. Let o be d(-4). Suppose x = -o*x + 108. What is the units digit of x?
6
Let d be ((-837)/18)/(6/(-8)). Suppose -4*n = -5*y - d, -y - n = 5 + 2. What is the tens digit of (-124)/y + 2/(-5)?
1
Suppose -2*y + 53 = -773. Let x = -210 + y. What is the tens digit of x?
0
Let n be 4 - (-4 + 0) - -2. Let g = 34 + n. What is the tens digit of g?
4
Suppose 5*h - 35 = 5*t, 0 = 2*t - 4*t - 6. Suppose h*a - 17 - 3 = 4*d, -4*d - 4*a + 4 = 0. What is the tens digit of ((-82)/4)/(1/d)?
4
Let v = 113 + -58. Let q = 300 - v. What is the units digit of q?
5
Suppose 0*g - 5*g - 45 = 0. Let u be 6*(3 - (-6)/g). Suppose u = -4*v + 90. What is the units digit of v?
9
Suppose i - 45 = 4. Suppose 2*l = 7*l - 175. Let h = i - l. What is the units digit of h?
4
Suppose 17*z = 15*z + 8. Suppose -4 - 8 = z*a. Let b(j) = -13*j - 4. What is the tens digit of b(a)?
3
Let y(z) be the second derivative of z**4/4 - z**3/2 + 2*z**2 + 3*z. What is the tens digit of y(3)?
2
Let n(q) = q**3 - 8*q**2 + 8*q - 2. Let o be n(7). Suppose -o = -6*p + 13. Suppose -4*t = -7*t - a + 106, 0 = -3*t - p*a + 96. What is the tens digit of t?
3
Let f = 2 - -2. Suppose -h + 108 = -4*r, f*h - 8*h + 508 = 3*r. What is the units digit of h?
4
Suppose 996 = 2*f + 2*x, 1986 = -0*f + 4*f + 2*x. What is the units digit of f?
5
Suppose 5*j - 2530 = 3*m - 561, -1193 = -3*j - 4*m. Suppose 4*f + 2*l - 330 = 0, -l + 0*l - j = -5*f. What is the tens digit of f?
8
Suppose 2*l = -3*u + 155 - 6, 2*u = 3*l + 82. What is the tens digit of u?
4
Let h = -3 + 8. Suppose 0 = h*w + 4*n - 40, 2*w - 6 = -2*w + 2*n. Suppose -w*m - 29 + 9 = -4*p, 0 = -2*p + 3*m + 6. What is the units digit of p?
9
What is the hundreds digit of 2 + -4 - (-9576)/21?
4
Let a be 12/(-7) + 2 + (-141)/(-21). Suppose -2*x - 14 = -2*j + 2*x, -x = -4*j + a. What is the units digit of j?
1
Suppose 0*a - 4*a = -3*z + 3, 3*a - 34 = -5*z. Suppose -l = z*l - 354. What is the tens digit of l?
5
Let k(q) = q**2 - q. Let t(l) = 8*l**3 - 10*l**2 + 4*l. Let a(g) = -5*k(g) - t(g). What is the units digit of a(-2)?
2
Suppose 3*b - 5*p - 34 = 0, b - 2*p - 13 = -0*b. Let v(a) = 46*a + 3. Let l be v(2). Suppose -b*g = 2*g - l. What is the units digit of g?
9
Suppose -3*n = -897 - 453. Suppose -n = -26*g + 23*g. What is the units digit of g?
0
Let h = 369 - 140. Let u = h - 90. What is the hundreds digit of u?
1
Suppose 6*c = 7*c - 32. Suppose 7*w = 3*w + c. Let m = 18 - w. What is the tens digit of m?
1
Let c(i) = 802*i - 150. What is the hundreds digit of c(7)?
4
Let j be (1/2)/((-2)/196). What is the units digit of ((-4)/14 - 553/j)*5?
5
Let d(r) be the second derivative of r**4/12 - 7*r**3/3 + 5*r**2 + 7*r. What is the tens digit of d(14)?
1
Let v = -20 + 16. Let f be ((-6)/v)/((-2)/(-12)). Let r = 17 - f. What is the units digit of r?
8
Let c(k) = 2*k**2 - 5*k**2 + k + 6*k + 7*k**2 - k**3 - 6. Let v be c(5). Suppose v*z + 5 = -3*x + 32, 5*x - z - 22 = 0. What is the units digit of x?
5
Let d(w) = 2 + 4*w**2 - 2*w + 2*w + 0*w. Let a be (-5)/(15/6)*-1. What is the tens digit of d(a)?
1
Suppose -3 = -2*c + 7. What is the tens digit of 4/20*c - -53?
5
Suppose 3*h - 59 = z, 5*z = -3*h + 39 + 44. Suppose 3*j = -9 - h. Let k = 14 - j. What is the units digit of k?
4
Suppose s - 895 = 570. What is the thousands digit of s?
1
Let j be 1 - ((-1 - 1) + 0). Suppose s = -5*u + 12, u - 2*s = 2*u + j. Let q(z) = z**3 + z - 1. What is the units digit of q(u)?
9
Let k be 4/(-2) - 18/6. Let r = -9 - k. What is the tens digit of (-99)/(-6) - r/8?
1
What is the units digit of -7 + 4 + 1315 + -8?
4
Suppose 13670 + 32254 = 12*y. What is the units digit of y?
7
Let r(p) be the first derivative of 19*p**3/3 - 5*p**2/2 + 4*p + 7. What is the tens digit of r(2)?
7
Let r = 14 - 8. Let u(w) = 56*w**2 - 9*w - 10. Let v(t) = -26*t**2 + 5*t + 5. Let a(y) = -6*u(y) - 13*v(y). What is the units digit of a(r)?
1
Let m(d) = 7*d**3 - d - 1. Let f be (4 - 5) + 1 + 2. Let g be m(f). Let z = -3 + g. What is the units digit of z?
0
Let m(q) = 3*q**2 - 5*q + 53. What is the tens digit of m(5)?
0
Suppose 0*d + 2*d = -10, 3*o = -d + 4333. What is the hundreds digit of o?
4
Suppose -j = -482 + 118. Let k = -78 + j. What is the units digit of k?
6
Suppose -2*l + 4785 = -d, 3*d = 21*l - 23*l + 4765. What is the tens digit of l?
9
Let m be ((-4)/3)/((-8)/(-96)). Let v = -20 - m. What is the units digit of 2/(-5*v/270)?
7
Suppose -3*u + 3*g + 12 = 0, 4*u = -0*g - g + 26. Let q be -4*u/(-8) + -1. Suppose -4*f + q*p + 94 = 0, -53 = -2*f - f - 2*p. What is the tens digit of f?
2
Suppose 7829 = 5*v - v + c, -3902 = -2*v + 2*c. What is the hundreds digit of v?
9
Suppose 0 = 5*v + 13*v - 7632. What is the units digit of v?
4
Suppose 2*r - r = -13. Suppose -n = -29 - 12. Let p = r + n. What is the tens digit of p?
2
Let y(u) = u**3 + 6*u**2 - 2*u - 8. Let j(k) = -k - 13. Let r be j(-7). Let q be y(r). Suppose -64 = -0*x - q*x. What is the tens digit of x?
1
Let i = 212 + -215. Let a(n) = -3*n**3 - 2*n**2 - 8*n - 6. Let h(s) = 7*s**3 + 5*s**2 + 17*s + 13. Let o(v) = 5*a(v) + 2*h(v). What is the tens digit of o(i)?
4
Suppose 8*y = 4*y - 4*o + 6532, y - 1621 = -4*o. What is the thousands digit of y?
1
Let o(u) = -3*u + 9. Let v be o(10). Let f = v + 156. Suppose -f = -7*l + 2*l. What is the tens digit of l?
2
Suppose -13*l = -6*l - 14. Suppose 0 = -2*s - 0*s + l*y + 660, 2*s - 3*y - 664 = 0. What is the tens digit of s?
2
Let m be ((-27)/12)/((-3)/(-24)). Let v be (-6)/21 + m/(-14). What is the units digit of v/2*(19 + -1)?
9
Let q = 10 + 10. Let s = -46 - -30. Let u = q + s. What is the units digit of u?
4
Let u(b) = -6*b - 11. Let g be u(-4). Let j(z) = -3 + 9 + 0 + 5 + g*z. What is the tens digit of j(5)?
7
Let s(q) be the first derivative of -q**3/3 - q**2/2 - 5. Let x(u) = 5*u**2 + 10*u - 8. Let j(l) = -6*s(l) - x(l). What is the units digit of j(7)?
9
Suppose -3*n + 8 = -1. Suppose 0 = n*m - 2*m - 6. What is the tens digit of 2/m - 1572/(-36)?
4
Suppose 12*m = 5*m + 4746. What is the hundreds digit of m?
6
Suppose t - 884 = -2*r, 5*t = 8*t - 5*r - 2685. What is the hundreds digit of t?
8
Let l = 10873 - 7499. What is the tens digit of l?
7
Suppose -4*f = -7 - 9. Suppose 0 = 3*g, 3*g = -6*h + 4*h + 188. Suppose -q = -5*q - 5*t + h, -q - f*t + 18 = 0. What is the units digit of q?
6
Let f(x) = -x**3 - 2*x**2 + 2*x - 14. Let t be f(-8). What is the tens digit of -3*(t/(-18) - 4)?
7
Let d(v) = 2*v + 12. Let n be d(-6). Let z(k) = -13 + 2*k + 0*k + n*k + 4*k. What is the units digit of z(6)?
3
Let u = 118 - -73. Suppose 5*x - u = 304. What is the units digit of x?
9
Let f(m) = 2*m**2 + 83*m - 92. What is the tens digit of f(-51)?
7
Let t(u) = 14*u**2 + 11*u + 16. What is the units digit of t(-5)?
1
Let n = 4102 - 1439. What is the thousands digit of n?
2
Suppose d = -29*d + 22860. What is the hundreds digit of d?
7
Suppose -2583 = 575*w - 584*w. What is the hundreds digit of w?
2
Suppose -4*j + 6 = -p, 4*j + p + 2*p + 2 = 0. Let x be (2/(-2))/(j/3). What is the tens digit of ((-124)/6)/(2/x)?
3
Let b(o) = -4*o + 17. Let h be b(3). Suppose -h*a = -10*a + 740. What is the units digit of a?
8
Suppose z + h - 611 - 137 = 0, -3*z + 2246 = 4*h. What is the tens digit of z?
4
Suppose -29 = -r - 8. Let d = r - 27. What is the t